is divided by 172.
58
What is the remainder when 8995 is divided by 8970?
25
What is the remainder when 1439996 is divided by 1875?
1871
Calculate the remainder when 5609 is divided by 102.
101
What is the remainder when 26970 is divided by 26963?
7
What is the remainder when 149687 is divided by 108?
107
Calculate the remainder when 1982546 is divided by 14161.
6
Calculate the remainder when 40388 is divided by 187.
183
Calculate the remainder when 904 is divided by 132.
112
What is the remainder when 4085 is divided by 543?
284
Calculate the remainder when 10851 is divided by 5368.
115
Calculate the remainder when 84511 is divided by 84487.
24
Calculate the remainder when 19487 is divided by 16.
15
Calculate the remainder when 4899 is divided by 820.
799
Calculate the remainder when 58962 is divided by 56.
50
What is the remainder when 6738 is divided by 259?
4
What is the remainder when 76184 is divided by 624?
56
Calculate the remainder when 13033 is divided by 6511.
11
What is the remainder when 5798 is divided by 2838?
122
What is the remainder when 4516 is divided by 401?
105
Calculate the remainder when 22014 is divided by 64.
62
Calculate the remainder when 524169 is divided by 121.
118
What is the remainder when 5770 is divided by 222?
220
What is the remainder when 474808 is divided by 4?
0
Calculate the remainder when 117878 is divided by 90.
68
Calculate the remainder when 523 is divided by 154.
61
Calculate the remainder when 99 is divided by 76.
23
Calculate the remainder when 64637 is divided by 10.
7
Calculate the remainder when 2612 is divided by 516.
32
Calculate the remainder when 8145 is divided by 33.
27
Calculate the remainder when 7721 is divided by 9.
8
Calculate the remainder when 127911 is divided by 54.
39
Calculate the remainder when 1651 is divided by 162.
31
What is the remainder when 3188 is divided by 49?
3
What is the remainder when 19792 is divided by 1529?
1444
What is the remainder when 55117 is divided by 18369?
10
Calculate the remainder when 7565 is divided by 3646.
273
Calculate the remainder when 30810 is divided by 259.
248
What is the remainder when 33602 is divided by 1969?
129
Calculate the remainder when 22539 is divided by 22482.
57
Calculate the remainder when 3603 is divided by 708.
63
Calculate the remainder when 6259 is divided by 55.
44
What is the remainder when 1847 is divided by 1356?
491
What is the remainder when 195283 is divided by 91?
88
What is the remainder when 240461 is divided by 8?
5
What is the remainder when 304259 is divided by 191?
187
What is the remainder when 33852 is divided by 305?
302
What is the remainder when 90133 is divided by 56?
29
What is the remainder when 2367 is divided by 108?
99
What is the remainder when 220398 is divided by 90?
78
What is the remainder when 155493 is divided by 1388?
37
What is the remainder when 111460 is divided by 55678?
104
What is the remainder when 4004 is divided by 1977?
50
What is the remainder when 19323 is divided by 2759?
10
What is the remainder when 242435 is divided by 220?
215
Calculate the remainder when 21970 is divided by 177.
22
Calculate the remainder when 1390 is divided by 732.
658
Calculate the remainder when 44143 is divided by 4414.
3
What is the remainder when 12143 is divided by 1514?
31
Calculate the remainder when 2779108 is divided by 810.
808
Calculate the remainder when 930589 is divided by 310194.
7
What is the remainder when 53994 is divided by 4153?
5
Calculate the remainder when 9425 is divided by 633.
563
What is the remainder when 789190 is divided by 18?
16
What is the remainder when 2606491 is divided by 21?
13
What is the remainder when 21956 is divided by 14?
4
What is the remainder when 18346 is divided by 25?
21
Calculate the remainder when 46456 is divided by 5.
1
Calculate the remainder when 2690 is divided by 68.
38
What is the remainder when 247413 is divided by 6?
3
Calculate the remainder when 2509 is divided by 56.
45
Calculate the remainder when 11311289 is divided by 170.
169
What is the remainder when 11270 is divided by 40?
30
Calculate the remainder when 11408 is divided by 11403.
5
Calculate the remainder when 8649 is divided by 323.
251
What is the remainder when 105642 is divided by 903?
894
What is the remainder when 139339 is divided by 117?
109
Calculate the remainder when 815410 is divided by 124.
110
What is the remainder when 17173 is divided by 229?
227
Calculate the remainder when 12530 is divided by 464.
2
What is the remainder when 9528 is divided by 9450?
78
Calculate the remainder when 13540 is divided by 29.
26
What is the remainder when 451785 is divided by 196?
5
Calculate the remainder when 404 is divided by 52.
40
Calculate the remainder when 7751 is divided by 183.
65
Calculate the remainder when 388 is divided by 361.
27
What is the remainder when 11317 is divided by 2226?
187
Calculate the remainder when 446 is divided by 4.
2
What is the remainder when 14156329 is divided by 2623?
2621
What is the remainder when 1208 is divided by 41?
19
What is the remainder when 25607 is divided by 33?
32
What is the remainder when 650 is divided by 315?
20
Calculate the remainder when 64663 is divided by 73.
58
Calculate the remainder when 31390 is divided by 2729.
1371
Calculate the remainder when 13448 is divided by 1818.
722
Calculate the remainder when 1792 is divided by 264.
208
Calculate the remainder when 8510 is divided by 69.
23
Calculate the remainder when 46180 is divided by 86.
84
What is the remainder when 54329 is divided by 269?
260
What is the remainder when 107 is divided by 73?
34
What is the remainder when 704 is divided by 33?
11
What is the remainder when 106640 is divided by 840?
800
What is the remainder when 1544435 is divided by 1031?
1028
Calculate the remainder when 28500 is divided by 9497.
9
What is the remainder when 16909 is divided by 24?
13
Calculate the remainder when 17802 is divided by 44.
26
What is the remainder when 57855 is divided by 8247?
126
Calculate the remainder when 17456 is divided by 8600.
256
Calculate the remainder when 9504 is divided by 452.
12
Calculate the remainder when 8508 is divided by 4254.
0
What is the remainder when 4914 is divided by 647?
385
Calculate the remainder when 355491 is divided by 71098.
1
What is the remainder when 838770 is divided by 11?
9
What is the remainder when 1368 is divided by 141?
99
What is the remainder when 176174 is divided by 616?
614
Calculate the remainder when 2997 is divided by 300.
297
Calculate the remainder when 69546 is divided by 44.
26
What is the remainder when 4991 is divided by 165?
41
What is the remainder when 490834 is divided by 490831?
3
What is the remainder when 146168 is divided by 925?
18
What is the remainder when 13853 is divided by 6814?
225
What is the remainder when 866931 is divided by 8102?
17
Calculate the remainder when 116926 is divided by 812.
810
Calculate the remainder when 28159 is divided by 256.
255
Calculate the remainder when 18711 is divided by 780.
771
What is the remainder when 11263 is divided by 5513?
237
What is the remainder when 612 is divided by 206?
200
What is the remainder when 1252073 is divided by 22?
9
Calculate the remainder when 45294 is divided by 367.
153
What is the remainder when 31863 is divided by 125?
113
What is the remainder when 789 is divided by 39?
9
Calculate the remainder when 12228 is divided by 11.
7
What is the remainder when 5338 is divided by 19?
18
What is the remainder when 24937 is divided by 51?
49
Calculate the remainder when 122638 is divided by 275.
263
What is the remainder when 3703 is divided by 14?
7
Calculate the remainder when 121959 is divided by 4065.
9
Calculate the remainder when 46801 is divided by 731.
17
What is the remainder when 8673 is divided by 76?
9
Calculate the remainder when 15441 is divided by 196.
153
Calculate the remainder when 10335 is divided by 1148.
3
Calculate the remainder when 29579 is divided by 116.
115
What is the remainder when 5290 is divided by 148?
110
What is the remainder when 2660 is divided by 2619?
41
What is the remainder when 273 is divided by 79?
36
What is the remainder when 2554495 is divided by 224?
223
What is the remainder when 22505 is divide